03.
77
Calculate the greatest common divisor of 394593 and 321.
3
What is the highest common factor of 9002877 and 2936?
367
Calculate the highest common factor of 16248 and 278041192.
5416
Calculate the greatest common factor of 15456 and 755895.
483
What is the highest common divisor of 5977456 and 846491?
4729
Calculate the highest common divisor of 26690 and 41193346.
5338
Calculate the greatest common divisor of 1472 and 4564816.
16
Calculate the highest common divisor of 379 and 666529487.
379
Calculate the greatest common factor of 230905569 and 359.
359
Calculate the greatest common factor of 4500 and 7961850.
450
What is the greatest common divisor of 1931690 and 1102?
58
Calculate the greatest common divisor of 1725 and 3216625.
25
What is the greatest common divisor of 30767106 and 14565?
2913
Calculate the highest common factor of 13566 and 968772.
798
What is the highest common divisor of 209157 and 46520565?
6747
What is the greatest common factor of 6015594 and 4194?
1398
What is the greatest common divisor of 3175 and 13635975?
25
Calculate the greatest common divisor of 5334 and 4347591.
381
Calculate the highest common factor of 662 and 1062472928.
662
Calculate the greatest common factor of 429 and 450822229.
143
What is the greatest common factor of 10705500 and 312?
156
What is the greatest common factor of 129 and 16888895?
43
What is the highest common divisor of 23095977 and 87?
87
What is the highest common divisor of 7535303 and 767?
59
Calculate the highest common divisor of 1453742913 and 5809.
5809
Calculate the highest common factor of 1919786456 and 716.
716
Calculate the greatest common divisor of 1210 and 1739.
1
What is the greatest common divisor of 6625 and 16135850?
1325
Calculate the highest common divisor of 3872 and 13249952.
32
Calculate the greatest common factor of 140933133 and 27126.
13563
What is the highest common factor of 676 and 29102?
2
What is the highest common divisor of 112589675 and 281?
281
Calculate the greatest common divisor of 371 and 1019767.
7
Calculate the greatest common factor of 57165576 and 468.
156
Calculate the greatest common divisor of 1205092 and 5798.
446
Calculate the highest common factor of 75205 and 5251.
89
What is the highest common divisor of 22 and 19190746?
2
Calculate the highest common factor of 300 and 219271200.
300
Calculate the highest common divisor of 5289064 and 12232.
88
Calculate the greatest common divisor of 58979700 and 7384.
3692
Calculate the greatest common divisor of 46903388 and 6100.
244
What is the greatest common divisor of 24983790 and 834156?
8178
What is the highest common factor of 24 and 165813?
3
What is the greatest common factor of 1742 and 4831236?
134
What is the greatest common divisor of 22514440 and 94250?
3770
What is the highest common factor of 17 and 91002207?
17
What is the highest common divisor of 520 and 21077615?
65
Calculate the greatest common factor of 5176 and 15247849.
647
Calculate the greatest common divisor of 15342020 and 140.
20
What is the greatest common factor of 29988288 and 407038?
9466
What is the highest common divisor of 260756 and 347048?
188
Calculate the greatest common factor of 42514 and 11426.
58
What is the highest common divisor of 10105958 and 4107?
1369
Calculate the greatest common divisor of 14 and 536299141.
7
What is the highest common factor of 661240 and 31720?
2440
What is the highest common factor of 135 and 327330?
45
What is the greatest common factor of 1510 and 384663742?
302
What is the greatest common factor of 386058 and 481259?
37
Calculate the greatest common divisor of 5241791 and 61.
61
What is the greatest common divisor of 4179 and 366359?
1393
Calculate the highest common divisor of 1541892 and 583.
11
What is the highest common factor of 1092 and 818229048?
1092
What is the highest common factor of 256416171 and 22?
11
What is the greatest common factor of 2080 and 582059920?
1040
Calculate the highest common factor of 43381237 and 76.
19
Calculate the highest common divisor of 137781 and 75988773.
5103
What is the greatest common factor of 1093330 and 36260?
70
What is the highest common divisor of 9301 and 439767?
131
What is the greatest common divisor of 772 and 614319?
193
Calculate the highest common divisor of 874490 and 101374.
1114
What is the highest common factor of 65191 and 1814645?
973
What is the highest common factor of 286846 and 105154?
98
What is the highest common divisor of 4455 and 1306085?
55
Calculate the highest common factor of 2523 and 602852.
29
What is the greatest common divisor of 11533440 and 3800?
40
What is the greatest common divisor of 106946 and 4130?
14
What is the greatest common divisor of 57 and 3269406?
57
What is the highest common divisor of 98904 and 149752?
8
Calculate the greatest common divisor of 2775 and 596901945.
555
What is the greatest common factor of 26143 and 11870933?
2011
Calculate the greatest common factor of 107051 and 848372.
287
Calculate the highest common factor of 181227331 and 2718.
151
What is the greatest common divisor of 101 and 2855577747?
101
Calculate the highest common divisor of 125499643 and 662.
331
What is the highest common factor of 297629418 and 1236?
618
Calculate the highest common factor of 20845 and 205535.
55
Calculate the highest common divisor of 1067 and 3567757.
97
Calculate the greatest common divisor of 34321496 and 407.
407
Calculate the greatest common divisor of 3660377 and 259.
7
Calculate the highest common factor of 5888 and 24014576.
368
Calculate the highest common factor of 90830 and 184822.
62
Calculate the greatest common factor of 31356 and 1710108.
2412
Calculate the greatest common divisor of 9939761 and 3562.
1781
What is the highest common divisor of 1765436970 and 5?
5
Calculate the greatest common factor of 584 and 133264.
8
What is the highest common divisor of 332 and 331010972?
332
Calculate the highest common factor of 67906305 and 1692.
423
What is the highest common factor of 8649920 and 1040?
80
What is the greatest common divisor of 36364089 and 20076?
717
Calculate the greatest common factor of 12 and 58108188.
12
Calculate the greatest common factor of 575793932 and 84.
28
What is the highest common factor of 91 and 124100899?
13
What is the greatest common factor of 243046400 and 285760?
15040
What is the highest common factor of 44737 and 1103817?
913
What is the highest common divisor of 33 and 1925321937?
33
Calculate the highest common divisor of 281934418 and 3244.
1622
Calculate the highest common divisor of 579124 and 110682.
1118
What is the greatest common divisor of 1509764 and 12914?
1174
What is the greatest common divisor of 802940 and 53390?
190
Calculate the highest common divisor of 48 and 26623456.
16
Calculate the highest common divisor of 25860544 and 1892.
172
Calculate the highest common divisor of 156712 and 40.
8
What is the greatest common factor of 120 and 46647975?
15
What is the highest common factor of 60564 and 43314?
6
What is the greatest common divisor of 9264 and 26357238?
1158
What is the greatest common factor of 9045 and 11164880?
335
Calculate the greatest common divisor of 3799896 and 48.
24
Calculate the highest common factor of 61749060 and 60.
60
Calculate the greatest common factor of 86247 and 9660.
21
What is the highest common divisor of 190 and 59663990?
190
Calculate the highest common factor of 7488040 and 6720.
280
Calculate the highest common factor of 2947470 and 46854.
114
Calculate the highest common factor of 1228139 and 33.
11
What is the greatest common factor of 1632 and 14368232?
8
What is the greatest common divisor of 798 and 108430?
14
Calculate the greatest common factor of 29848 and 1964638.
1066
Calculate the greatest common divisor of 11318796 and 16284.
708
What is the highest common divisor of 213528 and 15156?
12
Calculate the highest common divisor of 26543 and 37529389.
2413
Calculate the greatest common divisor of 171124 and 8881980.
716
Calculate the greatest common divisor of 8676 and 645323772.
2892
Calculate the greatest common factor of 9 and 1113203.
1
Calculate the greatest common divisor of 8703 and 348741.
9
What is the highest common divisor of 229001 and 3431?
73